
509
What is the remainder when 24112 is divided by 8015?
67
What is the remainder when 126867 is divided by 80?
67
What is the remainder when 20448 is divided by 583?
43
Calculate the remainder when 1342169 is divided by 54.
53
Calculate the remainder when 1455544 is divided by 73.
70
What is the remainder when 4029 is divided by 1294?
147
Calculate the remainder when 61606 is divided by 158.
144
What is the remainder when 9351 is divided by 714?
69
What is the remainder when 24190 is divided by 154?
12
Calculate the remainder when 16630 is divided by 279.
169
Calculate the remainder when 73481 is divided by 24469.
74
What is the remainder when 29510 is divided by 1178?
60
Calculate the remainder when 210 is divided by 2.
0
What is the remainder when 29682 is divided by 555?
267
What is the remainder when 7506 is divided by 15?
6
What is the remainder when 240701 is divided by 57?
47
Calculate the remainder when 108993 is divided by 1038.
3
What is the remainder when 59306 is divided by 55?
16
Calculate the remainder when 160372 is divided by 147.
142
Calculate the remainder when 321 is divided by 49.
27
Calculate the remainder when 7521 is divided by 301.
297
Calculate the remainder when 11989 is divided by 2265.
664
Calculate the remainder when 18454 is divided by 458.
134
What is the remainder when 16380 is divided by 5432?
84
Calculate the remainder when 70422 is divided by 2816.
22
Calculate the remainder when 8977 is divided by 1491.
31
What is the remainder when 107158 is divided by 4659?
1
What is the remainder when 15745 is divided by 975?
145
What is the remainder when 1225 is divided by 514?
197
What is the remainder when 3794 is divided by 654?
524
Calculate the remainder when 2479913 is divided by 28.
9
What is the remainder when 31839 is divided by 15828?
183
What is the remainder when 1838 is divided by 93?
71
Calculate the remainder when 13439 is divided by 448.
447
Calculate the remainder when 13653 is divided by 195.
3
Calculate the remainder when 6496 is divided by 932.
904
Calculate the remainder when 13318 is divided by 4135.
913
What is the remainder when 33266 is divided by 11082?
20
What is the remainder when 4009651 is divided by 13?
9
Calculate the remainder when 88679 is divided by 9852.
11
Calculate the remainder when 40531 is divided by 563.
558
Calculate the remainder when 347 is divided by 196.
151
What is the remainder when 11470 is divided by 114?
70
What is the remainder when 18644 is divided by 239?
2
What is the remainder when 1578539 is divided by 94?
91
Calculate the remainder when 3783 is divided by 1867.
49
Calculate the remainder when 747 is divided by 111.
81
What is the remainder when 17092 is divided by 1539?
163
What is the remainder when 1082 is divided by 5?
2
Calculate the remainder when 255502 is divided by 76.
66
What is the remainder when 8760 is divided by 1744?
40
What is the remainder when 16957 is divided by 16951?
6
Calculate the remainder when 9661 is divided by 1021.
472
Calculate the remainder when 2702 is divided by 42.
14
What is the remainder when 94388 is divided by 456?
452
What is the remainder when 2054 is divided by 1001?
52
Calculate the remainder when 20577 is divided by 712.
641
Calculate the remainder when 98843 is divided by 843.
212
Calculate the remainder when 10815 is divided by 71.
23
Calculate the remainder when 162612 is divided by 8.
4
Calculate the remainder when 394174 is divided by 192.
190
What is the remainder when 24344 is divided by 50?
44
Calculate the remainder when 4200334 is divided by 648.
646
What is the remainder when 21520 is divided by 5300?
320
What is the remainder when 156947 is divided by 365?
362
What is the remainder when 53979 is divided by 290?
39
Calculate the remainder when 17134 is divided by 88.
62
What is the remainder when 461 is divided by 334?
127
Calculate the remainder when 1136 is divided by 566.
4
Calculate the remainder when 488439 is divided by 94.
15
What is the remainder when 4959 is divided by 1232?
31
Calculate the remainder when 14572 is divided by 4310.
1642
What is the remainder when 101519 is divided by 30?
29
Calculate the remainder when 229863 is divided by 32836.
11
What is the remainder when 6861 is divided by 132?
129
Calculate the remainder when 10915 is divided by 1984.
995
What is the remainder when 318028 is divided by 10?
8
What is the remainder when 1849 is divided by 1783?
66
Calculate the remainder when 1162 is divided by 311.
229
Calculate the remainder when 30999 is divided by 31.
30
What is the remainder when 4839 is divided by 682?
65
Calculate the remainder when 1352995 is divided by 17.
16
What is the remainder when 1112 is divided by 1033?
79
Calculate the remainder when 21000 is divided by 210.
0
Calculate the remainder when 606 is divided by 64.
30
What is the remainder when 13414 is divided by 4426?
136
Calculate the remainder when 59119 is divided by 69.
55
What is the remainder when 62559 is divided by 23?
22
What is the remainder when 12381 is divided by 82?
81
Calculate the remainder when 3759 is divided by 418.
415
Calculate the remainder when 12284 is divided by 21.
20
Calculate the remainder when 14725 is divided by 54.
37
What is the remainder when 10231 is divided by 1017?
61
What is the remainder when 82620 is divided by 340?
0
What is the remainder when 19113 is divided by 177?
174
What is the remainder when 388268 is divided by 1417?
10
Calculate the remainder when 52720 is divided by 74.
32
What is the remainder when 13818 is divided by 647?
231
Calculate the remainder when 111605 is divided by 4.
1
What is the remainder when 11744976 is divided by 487?
484
Calculate the remainder when 16188 is divided by 19.
0
Calculate the remainder when 612653 is divided by 49.
6
Calculate the remainder when 34270 is divided by 46.
0
Calculate the remainder when 44334 is divided by 34.
32
Calculate the remainder when 2861 is divided by 54.
53
Calculate the remainder when 10070 is divided by 3351.
17
Calculate the remainder when 188663 is divided by 9428.
103
Calculate the remainder when 456531 is divided by 13.
10
What is the remainder when 56942 is divided by 1494?
170
Calculate the remainder when 4347 is divided by 104.
83
Calculate the remainder when 1433548 is divided by 503.
501
What is the remainder when 592 is divided by 563?
29
What is the remainder when 110867 is divided by 97?
93
What is the remainder when 48149 is divided by 142?
11
Calculate the remainder when 65953 is divided by 724.
69
Calculate the remainder when 12286 is divided by 769.
751
Calculate the remainder when 23098 is divided by 4619.
3
What is the remainder when 760233 is divided by 272?
265
Calculate the remainder when 121499 is divided by 12.
11
What is the remainder when 16937 is divided by 745?
547
Calculate the remainder when 65869 is divided by 79.
62
What is the remainder when 14371 is divided by 1384?
531
What is the remainder when 1267 is divided by 456?
355
Calculate the remainder when 238635 is divided by 1570.
1565
What is the remainder when 5273 is divided by 182?
177
What is the remainder when 137171 is divided by 45717?
20
What is the remainder when 522661 is divided by 56?
13
What is the remainder when 27307 is divided by 136?
107
What is the remainder when 12162 is divided by 868?
10
What is the remainder when 20682 is divided by 138?
120
Calculate the remainder when 343412 is divided by 41.
37
What is the remainder when 22437 is divided by 1068?
9
Calculate the remainder when 14520 is divided by 255.
240
What is the remainder when 40089 is divided by 56?
49
Calculate the remainder when 28004974 is divided by 707.
704
Calculate the remainder when 10951 is divided by 2679.
235
What is the remainder when 1718 is divided by 520?
158
Calculate the remainder when 115836 is divided by 4633.
11
What is the remainder when 806 is divided by 169?
130
Calculate the remainder when 15779 is divided by 395.
374
Calculate the remainder when 438297 is divided by 42.
27
What is the remainder when 3439578 is divided by 237?
234
Calculate the remainder when 1686 is divided by 1685.
1
What is the remainder when 9124 is divided by 47?
6
Calculate the remainder when 59644 is divided by 128.
124
Calculate the remainder whe